974 = -3309*n. What is the units digit of n?
7
Suppose -2*o - 51 = -5*g, 12 = -3*o - o. Let x(k) be the second derivative of -k**5/20 + 3*k**4/4 + k**3/2 + 11*k**2/2 - 405*k. What is the tens digit of x(g)?
3
Let y(f) = -f**3 + 78*f**2 + 59*f - 875. What is the ten thousands digit of y(42)?
6
What is the units digit of (-3*(-390072)/90)/((-14)/(-35))?
6
What is the units digit of (5459 - 114) + 10/(2/1)?
0
Let m = -11442 - -19555. What is the units digit of m?
3
Suppose -2*v - 12 = -5*v. Suppose v*i = -48 - 16. Let k(h) = h**2 + 10*h - 20. What is the units digit of k(i)?
6
Suppose -9*g - 12*g + 49896 = 0. Let t = g + -1645. What is the tens digit of t?
3
Let b(v) = -v**2 + 14*v - 8. Let u be b(10). Let q = -11 + u. Suppose 0 = a - q - 13. What is the units digit of a?
4
Suppose b + 21354 = 3*a + 2355, -31667 = -5*a + b. What is the units digit of a?
4
Let x = 24717 + -400. What is the ten thousands digit of x?
2
Let b(q) = -q**2 + 9*q - 13. Let z be b(8). Let p = 399 + z. Suppose p = -11*t + 13*t. What is the units digit of t?
7
Suppose 2*w - 18570 = 4*c - 3*c, 37146 = 4*w - c. What is the units digit of w?
8
Let s(u) = -2*u - 33. Let y(m) = m + 1. Let w(n) = s(n) + 5*y(n). Let g be w(14). What is the units digit of g/(-28)*(-4)/1?
2
Suppose 117 = -6*g + 3*g. Let r = g - -42. Let k(n) = 54*n - 11. What is the tens digit of k(r)?
5
Suppose -22*j - 28860 = -42*j. What is the hundreds digit of j?
4
Let k = 15621 - 5260. What is the units digit of k?
1
Let x = -2674 - -5262. Suppose -6*f + 1888 = -x. What is the hundreds digit of f?
7
Suppose -7 = -5*j - 37. What is the hundreds digit of 0 - (-382 + j/3)?
3
What is the thousands digit of ((-213)/1)/(2635/(-187) + 14)?
2
Let s = 365 - -675. Suppose k - 3*x = 530, 0*k = 2*k - x - s. What is the tens digit of k?
1
Suppose -5*n + 21942 + 16068 = 0. What is the hundreds digit of n?
6
Suppose 97*v + 663*v = 38906680. What is the hundreds digit of v?
1
Let q(v) = -2578*v - 173. What is the hundreds digit of q(-2)?
9
Suppose 0 = 6*y - 12 - 6. Suppose y*h + 3*f - f + 8 = 0, -f - 4 = h. Suppose r + 26 - 180 = h. What is the hundreds digit of r?
1
Let m be -3*(-51)/(-18)*(-4)/2. Suppose 170 = u + 2*n, 2*u - 357 + m = -3*n. What is the units digit of u?
0
Let v(d) = 4*d**3 - 19*d**2 - 32*d + 66. What is the tens digit of v(12)?
5
Suppose 2*l + 2*t - 91714 = 0, -5*l + 6*t = -307700 + 78349. What is the ten thousands digit of l?
4
Suppose 0 = 105*d - 122*d + 714. Suppose -3*w = 3*u - 7*u - 4, 3*u = 5*w - 3. Suppose -b - 8 = -m - d, b + m - 26 = w. What is the tens digit of b?
3
Suppose -3*s + 2659 = 2*t - 2492, -t - 8572 = -5*s. What is the thousands digit of s?
1
Let a be (-13 - -11)*(-1)/(-1). Let n be (160/(-20))/(a/(-6)). What is the units digit of 6/8 - 1110/n?
7
Let b(l) = -l**3 + 3*l**2 - l + 211. Let y be b(0). Let g = -71 + y. What is the units digit of g?
0
Let k be -67 + 16/4 - -4. What is the units digit of (2 - (3 + k))*(13 - -1)?
2
Let g = 5113 - -15868. What is the units digit of g?
1
Suppose -185 = -7*n + 445. Let t = n - 87. Suppose -4*r = t*r - 21. What is the units digit of r?
3
Suppose -14 = -4*o + 6. Suppose -4*s - 9 = -169. Suppose i - 2*i + 30 = -5*r, -3*i + o*r = -s. What is the units digit of i?
5
Suppose 5*h = -5, -2*c - 2*c + 4*h = 0. Let z(j) = 387*j**2 + 3*j + 1. What is the units digit of z(c)?
5
Let i be 1534*(-3)/6 - 8. Let r = 659 - i. What is the thousands digit of r?
1
Let w = 28991 - 24679. What is the tens digit of w?
1
Suppose 113057 = 68*o - 144323. What is the tens digit of o?
8
Let q(z) = -2*z**3 - 18*z**2 - 26*z - 4. Let t be q(-11). Suppose -5*c + t = h - 371, 3*c - 672 = -4*h. Suppose 3*w = c + 18. What is the tens digit of w?
8
Suppose 28 = 16*j - 20. What is the tens digit of 442 + j + 1 - 7?
3
Let p be (28/21 - 1)/(2/(-78102)). What is the units digit of (-5)/(70/8) - p/7?
9
Suppose 0 = -2*o + 6. Let w(r) = 24 - 4*r + 5*r - 15. What is the units digit of w(o)?
2
Suppose 24*p - 888 = 18*p. Let a = -81 + p. What is the tens digit of a?
6
Let x(a) = 1049*a**2 + 4*a + 4. Let l be x(-2). Suppose -5*z - 3*z = -l. Suppose -58*o = -62*o + z. What is the hundreds digit of o?
1
Let z = -12661 - -18596. What is the units digit of z?
5
Let z = 2306 - -4208. What is the units digit of z?
4
Let h(b) = 20*b + 1762. What is the hundreds digit of h(7)?
9
Let n(g) = 182*g**2 + 24*g - 124. What is the units digit of n(6)?
2
Let h(o) = 2*o**2 - 8*o + 961. What is the ten thousands digit of h(127)?
3
Let m(x) = -x**2 - 8*x + 5. Let f be m(-9). Let v be (-4)/2 + (-333)/(-7 - f). Suppose k = 2*k - v. What is the units digit of k?
9
Let o(w) be the first derivative of 38*w**3/3 + 6*w**2 - 35*w + 137. What is the hundreds digit of o(4)?
6
Suppose 0 = 4*f - 17 - 7. Let j = f - 4. Suppose 0 = 5*i - j*i - 126. What is the units digit of i?
2
Let a = -33 + 29. Let j be (a - 16)*1/1. What is the units digit of ((-12)/(-15))/((-2)/j)?
8
Let p(l) = -l**3 - 6*l**2 - l - 11. Let w be p(-5). Let k(b) = 2*b**2 + 49*b + 131. What is the hundreds digit of k(w)?
5
Let f be -1079 - (1 - (-1 + 0)). Let n = -520 - f. Suppose -n - 264 = -11*x. What is the tens digit of x?
7
Suppose -6*s + 9640 = -1760. Suppose 0 = 2*x + 2*x - 4*b - s, -4*b = -2*x + 946. What is the units digit of x?
7
Let x be -6*(-145)/15 + 4 + -1. Suppose 5*m - 216 = -x. What is the tens digit of m?
3
Suppose -3*u - 2*u + i = -52, 3*u = 3*i + 24. Suppose 4*h = u*h - 2996. What is the units digit of h?
8
Suppose 14*u = 362641 + 1163. What is the tens digit of u?
8
Suppose -5*v = -3*p - 1372 + 498, 3*p + 528 = 3*v. Let j = v - 58. Let t = 238 - j. What is the tens digit of t?
2
Let n be -3 + -2 - (4 - 0 - 9). Let c(k) = -k**2 + 11*k + 1321. What is the thousands digit of c(n)?
1
Let i(z) = -547*z - 15. Let v be i(-2). Suppose 5*y + 4*s = v, 23*y - 3*s - 427 = 21*y. What is the units digit of y?
5
Let j(m) = -485*m**3 - m**2 - 16*m - 38. What is the units digit of j(-2)?
0
Suppose 0 = -3*c, 710 - 1705 = -r - 5*c + 2107. What is the thousands digit of r?
3
What is the hundreds digit of (-12123228)/(-126) + 2 + (-70)/735?
2
Suppose 4*c + 409 = -3*n, -2*n - 2*c = 3*c + 268. Let w = 245 + n. What is the tens digit of w/1 - (3 + -6)?
0
Let z = -229 + 231. Suppose n + 1104 = 5*x, -20*n + 15*n = -z*x + 460. What is the tens digit of x?
2
Let m(f) be the third derivative of 8*f**2 - 1/8*f**4 + 1/20*f**5 + 0 + 0*f + 5/6*f**3. What is the tens digit of m(-5)?
9
Let t(h) be the first derivative of -3*h**4/4 - 2*h**3 + 3*h**2/2 + 12*h - 97. What is the tens digit of t(-5)?
2
Suppose 0 = 9*i + 11264 - 38129. Suppose 17*l - 2*l = -i. What is the units digit of -1 - 3 - 0 - l?
5
Suppose 2*y - 36 = 2*i, 9*y + 4*i - 8 = 8*y. Suppose -24*z + 3472 = -y*z. What is the hundreds digit of z?
4
Let a = -35053 - -53639. What is the tens digit of a?
8
Let i = 29569 - 15925. What is the units digit of i?
4
Let k = 323 - 320. Suppose -6*z = -5*z - 1, -k*r - 4*z = -1078. What is the units digit of r?
8
Let g = 2 - -4. Suppose d = -4*s + 6*s - g, 5*s - 14 = 3*d. Suppose -d*v = -4*v + 84. What is the tens digit of v?
4
Suppose 33 = 15*o - 27. Let g be (o - 4)*-1 - (-34)/2. Suppose g*f = 880 + 1364. What is the tens digit of f?
3
Let z be ((-14)/(-6) - 4)*18. Let t = -10 - z. Suppose -16 = -p + 2*i + t, -2*i + 92 = 3*p. What is the tens digit of p?
3
Suppose 26*t - 12 = 24*t. Suppose -t*v + 0*v = -2508. What is the hundreds digit of v?
4
Let u(j) = 2*j**2 + 58*j + 83. Suppose 3*l - 18*m + 59 = -23*m, -4*l - 122 = -2*m. What is the tens digit of u(l)?
2
Let y = 170 - 168. Suppose 5*g = 20, -y*g - 233 = -f - 7*g. What is the units digit of f?
3
Suppose 1 = -l - 4*w - 12, -2*w + 43 = -5*l. Let i = 76 - l. Suppose 0 = s - 2*z - 22, -2*z + i + 21 = 3*s. What is the tens digit of s?
3
Let w(a) = -8*a**3 + 14*a**2 + 139*a - 180. What is the ten thousands digit of w(-14)?
2
Let m(v) be the third derivative of 5/3*v**3 + 0*v + 0 - 20*v**2 - 3/8*v**4. What is the tens digit of m(-3)?
3
Let n(p) = p**3 + p**2 - 9*p. Let f be n(0). Suppose 4*s - 3171 + 1127 = f. What is the hundreds digit of s?
5
Suppose 5*d - 30670 - 32641 = -15711. What is the tens digit of d?
2
Suppose 0 = 5*k - 2*q - 3696, 2*q + 3 = q. Suppose -54 - k = -2*r. What is the hundreds digit of r?
3
Let i(b) = 5*b